
2, 5
List the prime factors of 113/(154/17 - 9).
17, 113
Suppose 8*w = 4*w + 4*n + 2188, -10 = 5*n. List the prime factors of w.
5, 109
Let m be 3 - (3 - (-3 + 7)). Suppose -m*a + 121 = -27. List the prime factors of a.
37
Suppose -3*f = -i + f - 2, -4*i - 8 = 3*f. What are the prime factors of (i + (-1165)/(-20))/((-6)/(-16))?
2, 3, 5
Let o = -2891 + 4172. What are the prime factors of o?
3, 7, 61
Suppose -10*v + 832 = -6*v. Suppose w = -w + 10, 0 = -m - 2*w + v. What are the prime factors of m?
2, 3, 11
Let m = -2 + 3. Let o = 15 + -6. Suppose 2*v = o + m. List the prime factors of v.
5
Suppose 5*r - 3*v = 2*r + 3837, -3*r + 3842 = -2*v. What are the prime factors of r?
2, 3, 107
Let w(j) = -36*j - 6. Let h = -11 - -8. What are the prime factors of w(h)?
2, 3, 17
Let s(j) = -23*j**2 - 620*j - 5. List the prime factors of s(-25).
2, 5, 7
Let j = -5232 - -7698. What are the prime factors of j?
2, 3, 137
Let g = 8 + -2. Suppose 3*d - d = g. What are the prime factors of -5 + d + -1 - -53?
2, 5
Suppose 0 = -2*d - 13 + 17. Suppose d*m = m + 1, 205 = 2*t - 3*m. List the prime factors of t.
2, 13
What are the prime factors of (20706/9)/(2/3)?
7, 17, 29
List the prime factors of (-52834)/(-17) + 144/68 + -2.
2, 3, 7, 37
Let a = -1 + 5. Suppose a*x + 0*x = 5*p - 266, -103 = -2*p + 5*x. Suppose -q = q - p. List the prime factors of q.
3
Suppose 3*t - 9 = 12. Let c = t + -2. Suppose -c*j - 69 + 254 = 0. What are the prime factors of j?
37
Let w = -8 + 82. Let j = w + -51. List the prime factors of j.
23
What are the prime factors of (-8 - -2 - -9) + 619?
2, 311
Suppose -3*q = 19 + 11. What are the prime factors of ((-15)/q)/(9/84)?
2, 7
Let n = -363 - -893. Let l = n - 280. List the prime factors of l.
2, 5
Let i(y) = -y**2 - 86*y - 467. What are the prime factors of i(-54)?
13, 97
Let u(k) = 25*k**2 - 9*k - 232. What are the prime factors of u(12)?
2, 5, 163
Let s = 98 - 78. Suppose s*h - 15*h = 770. What are the prime factors of h?
2, 7, 11
List the prime factors of ((-4 + 3)*1)/(4/(-6932)).
1733
Suppose 10*j - 6*j = 8. Suppose -j*q + 109 - 11 = 0. What are the prime factors of q?
7
Let m(i) = -i**2 + 13*i + 7. Let z be m(6). Suppose -2*s = -d + z, -d - 4*s + 11 = -44. What are the prime factors of d?
3, 17
Let a(b) = b**2 - 2*b + 5. Let r(l) = -6*l**2 + 10*l - 26. Let u(t) = -22*a(t) - 4*r(t). List the prime factors of u(-4).
2, 5
Let v(h) = -3*h + 2. Let b be v(-2). Let f(s) = 0 + 5 + 3*s - s. List the prime factors of f(b).
3, 7
Suppose 0*b = -2*h - 4*b + 16, 5*b - 19 = -2*h. Let r(x) = 0*x - h - 6*x + 3*x - 7*x. What are the prime factors of r(-3)?
2, 7
Let s(u) = -9*u**3 - 3*u**2 + u + 6. Let h be s(2). Let q = -41 - h. List the prime factors of q.
5, 7
Let y(d) = -2*d + 22. Let h be y(10). Suppose -4*q + 58 = h*g - 66, -q - 4*g + 31 = 0. What are the prime factors of q?
31
Suppose -14 = 4*v + 62. Let n(u) = u**2 + 17*u + 47. What are the prime factors of n(v)?
5, 17
Let g(d) = 1190*d - 347. List the prime factors of g(2).
19, 107
Suppose -2 = q + 90. Let f = 134 + q. What are the prime factors of f?
2, 3, 7
Let f(d) = -5*d - 60. Let p(l) = -15*l - 181. Let s(h) = -7*f(h) + 2*p(h). What are the prime factors of s(20)?
2, 79
Let f be (3*-23)/(5 - 4). Let z = 230 + -89. Let j = f + z. What are the prime factors of j?
2, 3
Let p(m) = 1. Let b(u) = -78*u - 7. Let z(i) = b(i) + 6*p(i). What are the prime factors of z(-1)?
7, 11
Let f be 0 - 4 - (0 + -6). Suppose -f*v - 19 = -13. What are the prime factors of 9*v/((-15)/10)?
2, 3
Suppose 0 = a - 2*k - 6 + 1, 4 = a - 3*k. Suppose 4*t - a = -5*w + 3*t, -t = -w - 1. List the prime factors of -3 + -3*(w - 4).
2, 3
Suppose -2*s = 3*c - 5, c + 0*c - 4*s - 25 = 0. Suppose -c*q + 2*m = -m - 614, 4*q - 5*m - 486 = 0. List the prime factors of q.
2, 31
Let p(d) be the third derivative of d**6/120 - d**5/15 + d**4/6 - 2*d**3/3 - 4*d**2. Let v be p(4). List the prime factors of v + -1 + (8 - 7).
2, 3
Suppose 0 = 4*t + t - 60. Let l be (32/t)/((-4)/(-156)). Let k = l + -60. List the prime factors of k.
2, 11
Let u = 203 + 234. What are the prime factors of u?
19, 23
List the prime factors of -5*2*(100/(-8) + 2).
3, 5, 7
Let k be (-6)/(-24)*0 + 5. Suppose 0 = -5*c + 3*a + 156, 2*a - a + 30 = c. Suppose p - k = c. What are the prime factors of p?
2, 19
Suppose 4 = 3*l + 46. Let f be l*(28/(-8) + 3). What are the prime factors of 2/f + 240/42?
2, 3
Let i(v) be the second derivative of v**4/4 - 5*v**3/6 + 49*v**2/2 + 24*v. List the prime factors of i(-8).
281
List the prime factors of (-1 + 2160/5)/1 + 1.
2, 3
Let j(n) = -188*n + 6. Suppose 1 = -q + h, 2 = -3*q - h - 1. What are the prime factors of j(q)?
2, 97
Let w(x) be the third derivative of -7*x**4/24 - 2*x**3/3 + x**2. Let j be 9*(-2 - 25/(-15)). What are the prime factors of w(j)?
17
Let r = 854 - 389. List the prime factors of r.
3, 5, 31
Suppose 2*v - 42 + 7 = -a, 2*a - 10 = 0. What are the prime factors of v/20 + (-391)/(-8)*6?
2, 3, 7
Suppose 0 = h - 2*w - 674 - 75, 3*h - 5*w = 2246. What are the prime factors of h?
3, 83
Suppose 6785 = 4*p - i, -9*i + 14*i = -2*p + 3409. What are the prime factors of p?
1697
Let u = -388 + 571. What are the prime factors of u?
3, 61
Suppose 1725 = 32*h + 317. List the prime factors of h.
2, 11
What are the prime factors of 1 - -1 - (-330 + (3 - -3))?
2, 163
Let m(f) = 20*f - 10. What are the prime factors of m(9)?
2, 5, 17
Let t = 19 + -13. Suppose 0 = 21*p - 26*p + 10. Suppose 0 = -4*o + t + p. What are the prime factors of o?
2
List the prime factors of (-5926 - -12)*1/(-2).
2957
Suppose 4*j + 940 = 2*c + 3*j, -3*c + 3*j = -1413. List the prime factors of c.
7, 67
List the prime factors of 2798/4 + 24/(-16).
2, 349
Suppose -5*z = 4*u - 5950, 3*u - 2*z - 1387 - 3064 = 0. Suppose -f + u = 2*f. What are the prime factors of 1/(-2) - f/(-22)?
2, 11
Suppose 15 = 3*n - 0*n. Let q(w) = 8 - 2*w**3 - 6 - 7 - 4*w + n*w - 5*w**2. List the prime factors of q(-4).
3, 13
Suppose -4*g - 5*o - 16 = 0, 2*g + 2*g = 4*o - 16. Let c be 1 - (g - 0/3). Suppose 15 = 2*n - c. What are the prime factors of n?
2, 5
Let w be (-344)/(-16) + (-1)/(-2). Let d = 2 + w. List the prime factors of d.
2, 3
List the prime factors of 1 - (-297 - -3) - -4.
13, 23
Suppose -3*k - 60 = 2*k. What are the prime factors of (-10610)/(-60) - ((-2)/k)/(-1)?
3, 59
Let s(v) be the second derivative of -v**5/10 - v**4/12 - v**3/2 - v**2 - 9*v. Let q be s(-2). Let k = q + -9. What are the prime factors of k?
7
Let f(r) = -r**3 - r + 268. What are the prime factors of f(0)?
2, 67
Suppose 4*l + 5*g - g = -20, 3*l + 16 = -2*g. List the prime factors of l/((30/(-8))/5).
2
What are the prime factors of 7/5 + (-30)/(-50) - -1016?
2, 509
Let o(c) = c**3 - 5*c**2 - 5*c - 7. Let d be o(6). Let u be 0 + -2 + (-2)/d. List the prime factors of 6 - ((-2)/(-2) - u).
5
Suppose -2*c + 0*c = -u - 8, 31 = -2*u + c. Let i = 15 + -19. What are the prime factors of u/i - 3/(-6)?
5
Let n(h) = 3*h**3 - 5*h**2 + 3*h + 12. What are the prime factors of n(6)?
2, 3, 83
Let f be 3*5/((-75)/(-10)) - 2. Suppose f = -3*h - n + 1004, 3*h - 761 - 233 = n. What are the prime factors of h?
3, 37
Suppose -2*g + 33 = 9. Suppose -g = -9*l - 66. List the prime factors of (-6)/(-18) + (-316)/l.
53
Let v(n) be the third derivative of -19*n**7/2520 - n**6/720 - n**5/10 + 7*n**2. Let r(c) be the third derivative of v(c). List the prime factors of r(-1).
37
Let n(j) = -2*j**3 - 29*j**2 + 26*j + 10. List the prime factors of n(-16).
2, 181
Suppose 0 = 8*j - 12*j + 124. Suppose y - j + 0 = 0. List the prime factors of y.
31
Suppose -4*i + 1361 = 3*b - 350, 0 = i + b - 429. List the prime factors of i.
2, 53
Let x(p) = 1 - 1 - 9*p + p**3 + 0*p**2 + 8*p**2 - 7. Let i be x(-9). Let l(o) = o**3 + 7*o**2 - 2*o + 4. List the prime factors of l(i).
2, 3
Let v = 641 - 388. What are the prime factors of v?
11, 23
Suppose 91 + 2770 = 4*s - q, 0 = -2*s + 4*q + 1448. What are the prime factors of s?
2, 3, 7, 17
Let d(f) = -6*f**3 - 6*f**2 + 3*f - 17. List the prime factors of d(-5).
2, 71
Let l(k) = -65*k + 1. Let p be l(-1). Suppose -4*z + z = -p. Let f = 43 - z. List the prime factors of f.
3, 7
Suppose 4*a - 4*g = 12, -5*a - g + 27 = -0*g. Suppose -a*c + 100 = -2*d, -c = 5*d - 15 - 5. List the prime factors of c.
2, 5